the prime factors of 5066619.
3, 29, 58237
List the prime factors of 6354313.
7, 907759
What are the prime factors of 2846894?
2, 23, 199, 311
What are the prime factors of 818247?
3, 43, 6343
List the prime factors of 503514.
2, 3, 11, 2543
List the prime factors of 484506.
2, 3, 11, 2447
What are the prime factors of 338795?
5, 67759
List the prime factors of 20884125.
3, 5, 55691
What are the prime factors of 669692?
2, 167423
What are the prime factors of 842950?
2, 5, 23, 733
List the prime factors of 18894240.
2, 3, 5, 13121
What are the prime factors of 142077?
3, 13, 3643
What are the prime factors of 2011804?
2, 461, 1091
List the prime factors of 11651.
61, 191
What are the prime factors of 327120?
2, 3, 5, 29, 47
List the prime factors of 1111051.
167, 6653
What are the prime factors of 6864058?
2, 419, 8191
List the prime factors of 806511.
3, 41, 79, 83
What are the prime factors of 118810?
2, 5, 109
List the prime factors of 585879.
3, 7, 23, 1213
List the prime factors of 905675.
5, 17, 2131
List the prime factors of 1154992.
2, 37, 1951
What are the prime factors of 2871197?
7, 410171
List the prime factors of 16092016.
2, 1005751
List the prime factors of 3547640.
2, 5, 31, 2861
What are the prime factors of 13799235?
3, 5, 919949
What are the prime factors of 1734068?
2, 7, 17, 3643
List the prime factors of 2034710.
2, 5, 19, 10709
List the prime factors of 428327.
31, 41, 337
What are the prime factors of 327624?
2, 3, 11, 17, 73
What are the prime factors of 357966?
2, 3, 7, 947
List the prime factors of 60873.
3, 103, 197
List the prime factors of 13471977.
3, 4490659
What are the prime factors of 83889?
3, 13, 239
List the prime factors of 7019902.
2, 3509951
List the prime factors of 106253.
7, 43, 353
What are the prime factors of 266667?
3, 103, 863
What are the prime factors of 1051038?
2, 3, 58391
What are the prime factors of 2712635?
5, 257, 2111
List the prime factors of 33395506.
2, 571, 29243
What are the prime factors of 3024405?
3, 5, 43, 521
What are the prime factors of 11071611?
3, 107, 11497
What are the prime factors of 119131?
119131
What are the prime factors of 7423151?
61, 73, 1667
List the prime factors of 1171963.
13, 17, 5303
What are the prime factors of 13259118?
2, 3, 2209853
List the prime factors of 205899.
3, 68633
What are the prime factors of 7821529?
41, 190769
What are the prime factors of 304836?
2, 3, 7, 19, 191
What are the prime factors of 38213439?
3, 11, 271, 4273
What are the prime factors of 4408919?
43, 102533
What are the prime factors of 1204227?
3, 14867
List the prime factors of 10462401.
3, 23, 50543
List the prime factors of 3184875.
3, 5, 19, 149
List the prime factors of 33637.
33637
What are the prime factors of 377300?
2, 5, 7, 11
List the prime factors of 1908334.
2, 954167
List the prime factors of 1875958.
2, 7, 47, 2851
What are the prime factors of 902214?
2, 3, 50123
List the prime factors of 848960.
2, 5, 7, 379
List the prime factors of 877781.
19, 46199
List the prime factors of 8241940.
2, 5, 7, 17, 3463
List the prime factors of 429365.
5, 79, 1087
What are the prime factors of 7399742?
2, 7, 97, 5449
List the prime factors of 134928.
2, 3, 937
What are the prime factors of 1079178?
2, 3, 131, 1373
What are the prime factors of 4143462?
2, 3, 29, 23813
What are the prime factors of 466591?
547, 853
What are the prime factors of 1097649?
3, 7, 19, 131
What are the prime factors of 626313?
3, 23, 29, 313
What are the prime factors of 30942491?
59, 499, 1051
List the prime factors of 5605650.
2, 3, 5, 12457
List the prime factors of 153462.
2, 3, 25577
List the prime factors of 729135.
3, 5, 11, 491
List the prime factors of 3477311.
797, 4363
What are the prime factors of 65473?
233, 281
List the prime factors of 218117.
218117
List the prime factors of 159220.
2, 5, 19, 419
What are the prime factors of 63955?
5, 12791
List the prime factors of 3907762.
2, 163, 11987
List the prime factors of 73400.
2, 5, 367
What are the prime factors of 401773?
401773
List the prime factors of 495730.
2, 5, 89, 557
What are the prime factors of 31328?
2, 11, 89
What are the prime factors of 228880?
2, 5, 2861
List the prime factors of 510932.
2, 127733
List the prime factors of 2358497.
2358497
List the prime factors of 197666.
2, 7, 2017
What are the prime factors of 1871583?
3, 7, 89123
What are the prime factors of 40122?
2, 3, 743
List the prime factors of 1270858.
2, 173, 3673
List the prime factors of 61896.
2, 3, 2579
What are the prime factors of 9839224?
2, 1229903
List the prime factors of 1765391.
457, 3863
What are the prime factors of 5348628?
2, 3, 148573
List the prime factors of 5709241.
1061, 5381
What are the prime factors of 159716?
2, 39929
What are the prime factors of 26518748?
2, 6629687
List the prime factors of 16661963.
113, 147451
What are the prime factors of 3262511?
7, 466073
What are the prime factors of 800729?
800729
List the prime factors of 112655.
5, 22531
List the prime factors of 358576.
2, 73, 307
What are the prime factors of 325184?
2, 5081
List the prime factors of 11319773.
17, 29, 22961
List the prime factors of 2494496.
2, 137, 569
List the prime factors of 3823801.
3823801
What are the prime factors of 99458?
2, 223
What are the prime factors of 15518?
2, 7759
What are the prime factors of 26409763?
271, 97453
List the prime factors of 984128.
2, 15377
What are the prime factors of 144640?
2, 5, 113
What are the prime factors of 533372?
2, 7, 43, 443
List the prime factors of 2927110.
2, 5, 292711
List the prime factors of 204533.
7, 61, 479
What are the prime factors of 245663?
11, 23, 971
List the prime factors of 627320.
2, 5, 15683
List the prime factors of 2777527.
2777527
List the prime factors of 2244253.
11, 204023
List the prime factors of 131080.
2, 5, 29, 113
List the prime factors of 1169199.
3, 163, 797
What are the prime factors of 118222?
2, 13, 4547
What are the prime factors of 8328177?
3, 11, 13, 719
What are the prime factors of 4209835?
5, 7, 17183
What are the prime factors of 2355071?
1471, 1601
List the prime factors of 195469.
195469
List the prime factors of 34757482.
2, 71, 151, 1621
What are the prime factors of 230353?
230353
List the prime factors of 1981504.
2, 7, 4423
List the prime factors of 611542.
2, 305771
List the prime factors of 545419.
7, 11131
What are the prime factors of 620021?
739, 839
What are the prime factors of 299746?
2, 149873
What are the prime factors of 62468?
2, 7, 23, 97
List the prime factors of 32439970.
2, 5, 59, 54983
List the prime factors of 5707298.
2, 983, 2903
List the prime factors of 537691.
7, 11, 6983
List the prime factors of 244439.
13, 18803
What are the prime factors of 609938?
2, 7, 19, 2293
List the prime factors of 646144.
2, 631
What are the prime factors of 81211?
13, 6247
What are the prime factors of 329399?
7, 47057
What are the prime factors of 583406?
2, 17, 17159
What are the prime factors of 12507571?
12507571
What are the prime factors of 987845?
5, 197569
List the prime factors of 335517.
3, 7, 13, 1229
What are the prime factors of 6769612?
2, 331, 5113
What are the prime factors of 693335?
5, 23, 6029
What are the prime factors of 8463245?
5, 7, 241807
What are the prime factors of 192023?
13, 14771
What are the prime factors of 3651331?
151, 24181
List the prime factors of 179638.
2, 89819
List the prime factors of 6551983.
6551983
List the prime factors of 1813428.
2, 3, 29, 193
What are the prime factors of 8138833?
31, 262543
What are the prime factors of 17651887?
11, 43, 67, 557
What are the prime factors of 382580?
2, 5, 11, 37, 47
List the prime factors of 165916.
2, 41479
List the prime factors of 459829.
459829
What are the prime factors of 3881152?
2, 11, 37, 149
What are the prime factors of 451983?
3, 7, 21523
What are the prime factors of 279867?
3, 7, 13327
What are the prime factors of 890021?
11, 80911
What are the prime factors of 2864058?
2, 3, 17, 43, 653
What are the prime factors of 924178?
2, 167, 2767
List the prime factors of 5420755.
5, 23, 47137
What are the prime factors of 5007467?
5007467
List the prime factors of 439197.
3, 11, 13309
What are the prime factors of 866612?
2, 216653
What are the prime factor